+ 549 = -6*a. What is the remainder when a is divided by 101?
98
Let z(p) = -12*p - 2. Let o be 2 + (-5)/(-5) + 1. Suppose 6 = o*x - 14, 2*t = 3*x + 3. Calculate the remainder when z(-3) is divided by t.
7
Let c = -6 + 25. Suppose -4*h = -6*h + 12. Let u(q) = -q**3 + 5*q**2 + 8*q - 5. Calculate the remainder when c is divided by u(h).
5
Let w(x) = -x**3 + 4*x**2 + 29*x + 1. Let r be w(-6). Let j = r - 160. Calculate the remainder when 215 is divided by j.
26
Suppose -8*m + 8 = -7*m. Suppose -7 + 37 = x. Calculate the remainder when x is divided by m.
6
Let u(r) = -r**3 + 10*r**2 - 8*r - 1. Let f be u(9). What is the remainder when 2/f - (-1827)/36 is divided by 18?
15
Suppose -3*k - 9 = 0, -u - 6 = 4*k - 34. Calculate the remainder when 199 is divided by u.
39
Let i(z) = z**3 - 3*z**2 - 24*z + 5. Calculate the remainder when i(7) is divided by 7.
5
Let g be 1 - (5 + (-2 - 3)). Let s(b) = b**3 + 3*b**2 - 4*b - 3. Calculate the remainder when -5*((-3)/(-6))/(g/(-14)) is divided by s(-3).
8
Suppose 3*u + 4 = 1. Let w(o) = -37*o**2 + 5*o + 2. Let f(v) = -v - 1. Let s(b) = u*w(b) - 2*f(b). Calculate the remainder when s(2) is divided by 36.
34
Suppose 1226 + 364 = 30*w. What is the remainder when w is divided by 44?
9
Let j(g) = 134*g**3 - 3*g**2 - 2*g + 4. What is the remainder when 372 is divided by j(1)?
106
Let f = -832 - -1202. Calculate the remainder when f is divided by 15.
10
Let c(d) = 19*d + 29. Calculate the remainder when c(4) is divided by 34.
3
Let y(j) be the first derivative of -j**2/2 + 7*j + 4. Calculate the remainder when 49 is divided by y(-19).
23
Suppose -2*c = 9 - 73. Let m = -18 + c. Calculate the remainder when 55 is divided by m.
13
Calculate the remainder when ((-255)/(-10))/(-3)*-12 is divided by 7.
4
Let q = -7 - -16. Let m(z) = z**2 - 6*z - 10. Calculate the remainder when 49 is divided by m(q).
15
Let g = 30 - 10. Suppose -5*m + 24 = -11. What is the remainder when -27*(22/(-18) + g/90) is divided by m?
6
Suppose 0*b - b = -4. Suppose 0 = -2*s - s + 3, b*i + s - 9 = 0. What is the remainder when 45 is divided by ((-64)/(-2))/(0 + i)?
13
Suppose -g - 5*p = -17, -2*g - 5*p - 5 + 24 = 0. Suppose -8*s + 12 = -2*s. Calculate the remainder when g is divided by s.
0
Suppose -h = -3, 3*s + 25 = 4*s - 2*h. What is the remainder when s is divided by 20?
11
Let a = -4 + 7. Suppose -2*u + 351 = 5*c - u, a*c = -5*u + 193. Let v(q) = -3*q**2 - 35*q + 168. What is the remainder when c is divided by v(-15)?
17
Let t = -21 - -34. Let f be -11*(-1 - 0) + 4. Calculate the remainder when f/(-5) + 1 - -26 is divided by t.
11
Suppose -98*i + 297 = -3819. Calculate the remainder when (-109 + -1)*(-3)/2 is divided by i.
39
Suppose -2*j - 3*j - 30 = 0. What is the remainder when (-131)/j + 2/12 is divided by 13?
9
Suppose 0 = -8*o + 1756 - 348. What is the remainder when o is divided by 10?
6
Let s = 1154 + -161. Calculate the remainder when s is divided by 71.
70
Let n be (-30)/(-9) - 2/(-3). What is the remainder when -1*(70/(-9) - n/18) is divided by 5?
3
Let z = -34 + 120. Let l = z - 54. What is the remainder when l is divided by 1 - (0 - -8)*-2?
15
Let g(x) = -x**2 - 25*x + 250. What is the remainder when 174 is divided by g(-31)?
46
Let j = 1 - -19. Calculate the remainder when (-2)/12 - 674/(-12) is divided by j.
16
Let g be ((-230)/8 + -4)/(1/4). Let l = 12 + -5. Calculate the remainder when 34/119 + g/(-7) is divided by l.
5
Suppose 4*l - 131 = -3*u, l - 2*u = 36 - 6. What is the remainder when l is divided by 30?
2
Let b(w) = w**3 - 35*w**2 + 45*w - 55. Calculate the remainder when b(34) is divided by 14.
11
Let p = 13 + -21. Let d(j) = -j + 4. What is the remainder when 34 is divided by d(p)?
10
Let p(n) = n**2 - n + 4. What is the remainder when p(5) is divided by 324/90*(-3)/(-6)*5?
6
Let l(d) = d**2 + 2*d. Let i be l(-5). Let r(p) = 2*p**2 + 4*p - 4. What is the remainder when ((-2 - -4) + i/(-6))*-202 is divided by r(-5)?
23
Let v(h) = 127*h**2 - h - 1. What is the remainder when v(-1) is divided by 44?
39
Let b(v) = 2*v**3 + 34*v**2 + 75*v - 1. What is the remainder when b(-14) is divided by 31?
1
What is the remainder when ((-5866)/(-6))/7 + 1/3 is divided by 11?
8
Suppose -14*a = -17*a + 246. Let p(s) = -2*s**2 - 4*s. Let j be p(-3). What is the remainder when a is divided by (-14)/j*9/1?
19
Let n(o) = 329*o**2 - 11*o + 13. Calculate the remainder when n(1) is divided by 162.
7
Let t = 316 + -243. What is the remainder when 144 is divided by t?
71
Suppose -21*v + 11*v + 250 = 0. Suppose 0 = 27*j - v*j - 88. What is the remainder when j is divided by 24?
20
What is the remainder when 338 is divided by (-2)/(7/(42/(-3))) - -34?
34
Suppose 0 = -3*h, -h = -2*x + 2*h + 24. Suppose 3*u + 4*q - 2*q - 67 = 0, 0 = -3*q - 3. What is the remainder when u is divided by x/(-18) + (-52)/(-6)?
7
Suppose 0 = 38*u - 5784 - 258. Calculate the remainder when u is divided by 32.
31
Suppose -2*k - 2*k + 12 = 0. Suppose -k*n + 0*w = 2*w + 12, 5*w + 15 = 0. Calculate the remainder when 1/2 + (-31)/n is divided by 5.
1
Suppose 5*o + 2 = 12. Calculate the remainder when (14*-3)/(-5 + 4) is divided by o*((-39)/(-6) - 1).
9
Let r be 54*5*8/20. Suppose -r = -w + 3*w. Calculate the remainder when 1/(160/w - -3) is divided by 10.
7
Suppose -f + 155 = 4*f. Suppose 4*z = -5*i + 782, 2*i - 3*z - 187 - 112 = 0. What is the remainder when i is divided by f?
30
Let j = 3 + -12. Let v = -27 - j. Let b = v + 75. Calculate the remainder when b is divided by 30.
27
Let q(o) = 91*o**2 - o + 1. Suppose -4*i + 30 = -3*i + k, 3*k = -3. Calculate the remainder when q(1) is divided by i.
29
Let p be (2 - 1) + 248 + -2. Let m be 9/(-6)*(-152)/6. Suppose p = 5*j - m. What is the remainder when j is divided by 30?
27
Let a(k) = 2*k**2 - 25*k + 212. Calculate the remainder when a(25) is divided by 20.
17
Calculate the remainder when 166 is divided by ((-336)/(-60))/(2/10).
26
Let t = 22 + -17. Let g = 14 - t. What is the remainder when 25 is divided by g?
7
Suppose -5*b + 31 = -24. Suppose -3*c = -2*o - b, -4*c + 5 = o - 28. What is the remainder when 27 is divided by c?
6
Let w(x) = 406*x**2 - 7*x - 8. Calculate the remainder when w(-1) is divided by 34.
31
Suppose 21 = 5*c - 104. Suppose -15 = -4*q + c. Let u(n) = 15*n**2 - 3*n - 8. What is the remainder when u(-2) is divided by q?
8
Suppose 5*z = 3*m - 2, 2*z - 31 = -5*m + 24. Let u = -1 + m. What is the remainder when u is divided by 5?
3
Let j be (2 - 0)*(-57)/(-6). Let k = j - -27. Suppose -3*g + 55 = 3*d + 19, -g = -4*d - 32. Calculate the remainder when k is divided by g.
14
Let g be -2 + (-208)/91*(-7)/2. Suppose g*y + 3*p = 3*y + 54, 4*p = 4. What is the remainder when 118 is divided by y?
16
Suppose 17*f = 47 + 21. Calculate the remainder when 27 is divided by f.
3
Suppose -3*s = 5*h - 48, 4*s + 3*h = h + 50. What is the remainder when 131 is divided by s/2*(-8 - -14)?
32
Let g = 19 + 6. Suppose -26*n + 1 = -g*n. Calculate the remainder when 1 is divided by n.
0
Suppose -4*b - 3*z - 44 = -236, 245 = 5*b + 5*z. Calculate the remainder when 170 is divided by b.
35
Suppose 138 = -125*x + 131*x. What is the remainder when 273 is divided by x?
20
Let k(b) = -63*b**3 - b**2. Let c be k(-1). Suppose c = -2*u - 26. Let r = -28 - u. Calculate the remainder when 31 is divided by r.
15
Let p(b) = -5*b**3 + 11*b**2 + 2*b + 6. Let d(g) = -4 + g**2 - g**3 + g + 4. Let c(n) = -4*d(n) + p(n). Calculate the remainder when c(5) is divided by 12.
10
Suppose -5*i + 83 = 4*p - 267, i = -5*p + 49. What is the remainder when 438 is divided by i?
68
Let p = 150 - 60. Let w = p + -74. What is the remainder when 44 is divided by w?
12
Let z(l) = l**3 + 5*l**2 - l. Let f be z(-5). Suppose 4*v = 2*v - 4*r + 42, 2*r = -f*v + 121. Calculate the remainder when 97 is divided by v.
22
Let y(o) = -o**3 + 11*o**2 - 4*o - 1. What is the remainder when y(4) is divided by (-8)/((80/(-12))/20)?
23
Let w(d) = 89*d - 41. What is the remainder when 572 is divided by w(1)?
44
Let d be (-42)/6*1 - -6. Let f be -1 - (1 - (1 - -1)). What is the remainder when 17 is divided by (-3 - -14) + d + f?
7
Suppose -3*z + 84 = 4*r + 2*z, -z = 0. Let m(f) = f**3 + 6*f**2 + f - 8. Let t be m(-4). Calculate the remainder when r is divided by 9/((-5)/t*-6).
3
Suppos